{"id":3477,"date":"2021-07-01T10:51:07","date_gmt":"2021-07-01T15:51:07","guid":{"rendered":"https:\/\/artsacro.com\/galeria\/?post_type=product&#038;p=3477"},"modified":"2024-08-23T18:47:38","modified_gmt":"2024-08-23T23:47:38","slug":"virgen-de-guadalupe-5","status":"publish","type":"product","link":"https:\/\/artsacro.com\/galeria\/producto\/virgen-de-guadalupe-5\/","title":{"rendered":"\u00bbVirgen de Guadalupe\u00bb"},"content":{"rendered":"<p>Esgrafiado en laca de Olinal\u00e1 sobre madera<br \/>\n<strong>Autor:<\/strong>Bernardo Rosendo Ponce<\/p>\n ","protected":false},"excerpt":{"rendered":"<p>T\u00e9cnica de origen prehisp\u00e1nico genuinamente aut\u00f3ctona y por tanto, \u00fanica en el mundo. Se utilizan los mismo materiales e insumos que desde hace m\u00e1s de mil a\u00f1os las culturas prehisp\u00e1nicas han venido utilizando para proteger y embellecer objetos de cortezas vegetales, cer\u00e1micas y m\u00e1scaras rituales, entre otros. Actualmente, solo 3 estados de M\u00e9xico conservan la elaboraci\u00f3n de los maques, siendo Olinal\u00e1 (Guerrero) el centro productor m\u00e1s importante del continente. Esta obra est\u00e1 realizada con el m\u00e1s estricto control de calidad, avalada por el Consejo Regulador de Lacas de Olinal\u00e1 A.C.<br \/>\n<strong>Autor:<\/strong>Bernardo Rosendo Ponce<br \/>\n<strong>Medida:Alto: 120\u202fcm Ancho: 80\u202fcm<\/strong><\/p>\n","protected":false},"featured_media":3478,"comment_status":"open","ping_status":"closed","template":"","meta":{"_joinchat":[]},"product_cat":[161,184,140,143,144],"product_tag":[],"_links":{"self":[{"href":"https:\/\/artsacro.com\/galeria\/wp-json\/wp\/v2\/product\/3477"}],"collection":[{"href":"https:\/\/artsacro.com\/galeria\/wp-json\/wp\/v2\/product"}],"about":[{"href":"https:\/\/artsacro.com\/galeria\/wp-json\/wp\/v2\/types\/product"}],"replies":[{"embeddable":true,"href":"https:\/\/artsacro.com\/galeria\/wp-json\/wp\/v2\/comments?post=3477"}],"wp:featuredmedia":[{"embeddable":true,"href":"https:\/\/artsacro.com\/galeria\/wp-json\/wp\/v2\/media\/3478"}],"wp:attachment":[{"href":"https:\/\/artsacro.com\/galeria\/wp-json\/wp\/v2\/media?parent=3477"}],"wp:term":[{"taxonomy":"product_cat","embeddable":true,"href":"https:\/\/artsacro.com\/galeria\/wp-json\/wp\/v2\/product_cat?post=3477"},{"taxonomy":"product_tag","embeddable":true,"href":"https:\/\/artsacro.com\/galeria\/wp-json\/wp\/v2\/product_tag?post=3477"}],"curies":[{"name":"wp","href":"https:\/\/api.w.org\/{rel}","templated":true}]}}